2?
19558
In base 3, what is 12 + 121100?
121112
In base 11, what is 37 - -184?
210
In base 9, what is 533430 - -3?
533433
In base 15, what is 4 - -2216?
221a
In base 16, what is -4 - 4c7e?
-4c82
In base 14, what is -5 + -223db?
-22402
In base 9, what is -47728 - 74?
-47813
In base 3, what is -101211 + -1012?
-110000
In base 13, what is -2 + -438b?
-4390
In base 16, what is -2e3 + 16?
-2cd
In base 10, what is 7819 - 4?
7815
In base 3, what is 122121102 - -101010?
122222112
In base 16, what is -30 + -1d3?
-203
In base 6, what is 3 - 3105?
-3102
In base 5, what is 22421041 - 4?
22421032
In base 12, what is -680 + 12?
-66a
In base 7, what is -1 + -124510?
-124511
In base 6, what is -2 + -120542?
-120544
In base 3, what is -2011 + -1100110?
-1102121
In base 12, what is -285 - 3844?
-3b09
In base 16, what is -5 + 6eca?
6ec5
In base 14, what is 129 - ab6?
-98b
In base 16, what is 5 + 16269?
1626e
In base 14, what is -101 - aa?
-1ab
In base 13, what is 140889 + -2?
140887
In base 12, what is 6 - 15b14?
-15b0a
In base 6, what is 415554 - -4?
420002
In base 13, what is 2133b + 1?
2133c
In base 5, what is 431043 - -442?
432040
In base 13, what is 8b - 285?
-1c7
In base 6, what is -215 - 514?
-1133
In base 11, what is 955 + -1719?
-874
In base 6, what is -150125311 + 3?
-150125304
In base 16, what is -2 + a490?
a48e
In base 10, what is 825461 - 1?
825460
In base 3, what is -111102112220 - -100?
-111102112120
In base 14, what is 1d + b7?
d6
In base 8, what is -54 + -431?
-505
In base 9, what is 21 + -250?
-228
In base 11, what is 0 - 24694?
-24694
In base 10, what is 1 + -148660?
-148659
In base 15, what is -306 - -a5?
-251
In base 12, what is 2 + 30184?
30186
In base 14, what is -6ad6 - 1?
-6ad7
In base 9, what is -163504 + 4?
-163500
In base 4, what is -1232331 - -112?
-1232213
In base 6, what is -51 + 25225?
25134
In base 6, what is -3 - 411013?
-411020
In base 5, what is 243020 + -1031?
241434
In base 6, what is 3 + -12534001?
-12533554
In base 9, what is -1687 - -3035?
1237
In base 13, what is -a55 + -35?
-a8a
In base 16, what is -73 + -1de?
-251
In base 2, what is 10100011111101011 - 100?
10100011111100111
In base 5, what is 34122 + -301?
33321
In base 3, what is -1201011211121 - 12?
-1201011211210
In base 15, what is -1 - 1d50?
-1d51
In base 6, what is -323503 - -43?
-323420
In base 3, what is -2 - 110000?
-110002
In base 6, what is 2 - 1423504?
-1423502
In base 7, what is -104504 + -3?
-104510
In base 12, what is -38 - 2b2?
-32a
In base 2, what is 1100111111 - 1001000010101?
-111011010110
In base 4, what is -110 + -202200?
-202310
In base 7, what is 65652 + -1?
65651
In base 2, what is -1011101000110 + -10111010?
-1100000000000
In base 3, what is -2 + 21121101211?
21121101202
In base 11, what is 50 + 174?
214
In base 5, what is -1121 - -10241?
4120
In base 13, what is 4 - -2933?
2937
In base 12, what is 4 + -138b99?
-138b95
In base 15, what is -1cb5a0 - -4?
-1cb59b
In base 3, what is -1000 + 220121202?
220120202
In base 16, what is 6f + -38?
37
In base 6, what is 3044531 - 2?
3044525
In base 3, what is 111 + 100102212?
100110100
In base 14, what is -1c - -66559?
6653b
In base 3, what is -1011 - 220122?
-221210
In base 13, what is -4 - -4224?
4220
In base 6, what is -12420 + -115?
-12535
In base 12, what is 11710 - -30?
11740
In base 6, what is 1 + 50050?
50051
In base 14, what is -7 + cb0?
ca7
In base 3, what is -2222010100010 - -10?
-2222010100000
In base 11, what is -18 + -40521?
-40539
In base 15, what is 5 - -17dd?
17e3
In base 10, what is 7 + 5244?
5251
In base 11, what is -22766 - -4?
-22762
In base 9, what is 32 - 143525?
-143483
In base 11, what is -211 + 103?
-109
In base 15, what is -b + 101e?
1013
In base 12, what is 4a61b - 5?
4a616
In base 9, what is 1357 - 22?
1335
In base 3, what is 1021010100 + -201?
1021002122
In base 4, what is -10132203 - -1322?
-10130221
In base 3, what is 0 + 221112?
221112
In base 15, what is -12c - 5909?
-5a36
In base 12, what is 56 + -135?
-9b
In base 6, what is 110110 + 204?
110314
In base 13, what is -28464a + 2?
-284648
In base 15, what is -bb9e - -3?
-bb9b
In base 5, what is 1131431021 + -1?
1131431020
In base 15, what is -753 - -10e?
-644
In base 5, what is -140212 + 104?
-140103
In base 11, what is 508 - -12?
51a
In base 5, what is -232223 - 342?
-233120
In base 9, what is -14 - -8860?
8845
In base 9, what is 607 + -1?
606
In base 9, what is 116156 + 3?
116160
In base 6, what is -1033203 - -1?
-1033202
In base 2, what is -1110 + -11111100110001?
-11111100111111
In base 10, what is 0 - 5166?
-5166
In base 13, what is -1 + -6659b?
-6659c
In base 3, what is -2112210112 + -2?
-2112210121
In base 7, what is 10 - 332?
-322
In base 10, what is 4 + 79974?
79978
In base 8, what is -345173 - 4?
-345177
In base 15, what is -46da - -31?
-46a9
In base 12, what is 464 + 13?
477
In base 9, what is -40305 - -35?
-40260
In base 3, what is -211102 - 21?
-211200
In base 7, what is -3 - -120350?
120344
In base 9, what is 84336 + 5?
84342
In base 2, what is 110011 + 111000001011?
111000111110
In base 10, what is -1344 + -47?
-1391
In base 10, what is -277463 - 3?
-277466
In base 10, what is -46344 - -10?
-46334
In base 5, what is -11042 - 244?
-11341
In base 6, what is 310004 - 202?
305402
In base 14, what is -31d - 2?
-321
In base 13, what is 1 + 105ba?
105bb
In base 15, what is -41d64 + 1?
-41d63
In base 16, what is 63d08 + 5?
63d0d
In base 11, what is -246 + 331?
96
In base 3, what is -211220110 - -21?
-211220012
In base 7, what is 14261440 + 0?
14261440
In base 5, what is 1 - -122321?
122322
In base 10, what is -11 - -8502?
8491
In base 8, what is 2304614 + -3?
2304611
In base 5, what is 34 - 331430?
-331341
In base 7, what is -4 - 113221?
-113225
In base 15, what is -4 + 4193?
418e
In base 3, what is -22 + 1201222?
1201200
In base 4, what is -11 + -1132231?
-1132302
In base 10, what is 246182 - 0?
246182
In base 16, what is 1 + 768b?
768c
In base 7, what is -463 - -14201?
13405
In base 9, what is 8 - -12434?
12443
In base 9, what is 646 - -2806?
3553
In base 4, what is -30012 - 30?
-30102
In base 10, what is 372021 - -2?
372023
In base 12, what is -212 - 97?
-2a9
In base 13, what is -10121 + -6?
-10127
In base 16, what is -3c - 165?
-1a1
In base 5, what is 1 - -10102343?
10102344
In base 9, what is 84 + -364?
-270
In base 9, what is -200 - 4302?
-4502
In base 6, what is -5451551 - -1?
-5451550
In base 14, what is 104 - 38d?
-289
In base 3, what is 1121101111 + -22?
1121101012
In base 2, what is 1100001 - 101111000110?
-101101100101
In base 10, what is -39 - -478?
439
In base 16, what is -280d + 1?
-280c
In base 5, what is 10 - -44222?
44232
In base 13, what is 77 + -9990?
-9916
In base 14, what is 243 - 342?
-dd
In base 2, what is -10000011001 + -10011110?
-10010110111
In base 2, what is -110001 + 11111110001000?
11111101010111
In base 3, what is 1101212 - -1?
1101220
In base 10, what is 18 + 29646?
29664
In base 3, what is -12 + -10011122?
-10011211
In base 6, what is -4042 - 243?
-4325
In base 3, what is 1000 + 2001111?
2002111
In base 10, what is -439 + -1462?
-1901
In base 5, what is -12130 - 2002?
-14132
In base 4, what is 10 + 3023313?
3023323
In base 16, what is 1af6a + f?
1af79
In base 2, what is 0 - -1100101110001101011?
1100101110001101011
In base 6, what is -312 - -343500?
343144
In base 14, what is -a3b - -2a?
-a11
In base 3, what is -12 - 101100?
-101112
In base 4, what is 1033023 - 3?
1033020
In base 12, what is -5 + 9030?
9027
In base 10, what is -1266 + -53?
-1319
In base 4, what is -21303310 + 0?
-21303310
In base 6, what is 412505 + -3?
412502
In base 14, what is 2 - 3292?
-3290
In base 9, what is -71 + 1403?
1322
In base 7, what is 10 - 56512?
-56502
In base 9, what is -1610 - -1628?
18
In base 5, what is 1 - 3332423?
-3332422
In base 11, what is -366a2 - -4?
-36699
In base 9, what is -2 + 183281?
183278
In base 2, what is 100000 - -10110111101110?
10111000001110
In base 6, what is -403 - -121?
-242
In base 12, what is -103a6 + 2?
-103a4
In base 8, what is -364 - 31436?
-32022
In base 8, what is -123 + 116703?
116560
In base 15, what is -26865 + -c?
-26872
In base 8, what is 1333 - 10310?
-6755
In base 10, what is 7226 - -76?
7302
In base 2, what is -11011110101000 - -100?
-11011110100100
In ba